2*k - 3*m - 6143, m + 15390 = -11*k + 16*k. What is the thousands digit of k?
3
Let a = 69725 - 44519. What is the ten thousands digit of a?
2
Let y(a) = 158 - 75 - 48 - 117*a. What is the tens digit of y(-4)?
0
Let l = -108 + 109. What is the tens digit of (33/(-2))/(l*(-4)/40)?
6
Let c be (35/4 + 23/92)*-125. Let k = -754 - c. What is the tens digit of k?
7
Let f = -14783 - -29985. What is the tens digit of f?
0
Let y = -14012 + 26087. Suppose 29*s = 6*s + y. What is the tens digit of s?
2
Let u(s) be the first derivative of -3*s**2/2 + 16*s + 5. Let o = 46 - 50. What is the units digit of u(o)?
8
Let u(t) = -29*t**2 + 2*t - 1. Let b be u(2). Let p = -87 - b. Let r(d) = 9*d - 45. What is the hundreds digit of r(p)?
1
Let z(t) = 3090*t**3 + 10*t**2 + 5*t - 4. What is the hundreds digit of z(2)?
7
Let m be 4 + (0 - 1)*2. Suppose -m*r + 4*r - 4*d - 346 = 0, -4*d = r - 197. What is the units digit of r?
1
Suppose 0 = 4*d - 9*d + 2*p + 77, 4*p + 19 = d. What is the units digit of 399 + d/3 + 6/(-2)?
1
Suppose 92 = 2*f + v + 2*v, -4*f - v = -184. Let l = -54 + f. What is the tens digit of l/(0/(-2) - 3/84)?
2
Suppose 5*p + 5786 = 2*u, 2896 = u + 17*p - 18*p. What is the tens digit of u?
9
What is the hundreds digit of (32/(3840/216))/((-3)/(-5215))?
1
What is the tens digit of -5*(-102)/(-60)*-108?
1
Suppose -5*u - 44 = -9*u. Suppose -u + 63 = -4*d. Let y = 51 + d. What is the units digit of y?
8
Let h(x) = 3*x**3 + 2*x**2 - 10*x + 7. Let k be h(-4). Let u = k + 115. Suppose -4*r + u = -530. What is the hundreds digit of r?
1
Let a be (-4)/(-24)*-3*68. Let s(i) = i**2 + 10*i + 83. What is the tens digit of s(a)?
9
What is the thousands digit of 29409 - 26/(-3)*(9 - (-2214)/(-234))?
9
Let t(g) = -28*g**3 + 24*g**2 - g + 24. What is the tens digit of t(-6)?
4
Suppose 222*v + 219*v - 443*v + 99924 = 0. What is the hundreds digit of v?
9
Let j(c) be the first derivative of 1/4*c**4 + 21 + c**2 - 2/3*c**3 + 58*c. What is the units digit of j(0)?
8
Let n = 8311 + -5255. What is the hundreds digit of n?
0
Suppose -124044 = -72*x + 259396 + 120488. What is the hundreds digit of x?
9
Suppose -3*n - 14 = -12*d + 10*d, -28 = 4*n - 5*d. Let t be (-14)/(-2) - (-4)/n. Suppose -a = -y - 125, t*y + 43 = -a + 162. What is the tens digit of a?
2
Let i = -42 + 47. Suppose 2*q = 6*q - 3*t - 8, 0 = -i*q - 4*t + 10. Suppose 527 = 4*x - 2*m + 3*m, -5*x + q*m + 662 = 0. What is the units digit of x?
2
Suppose 0 = s - 2*j - 6595, 5*s - 30*j + 33*j - 33014 = 0. What is the thousands digit of s?
6
Suppose 0 = -3*x - q + 14544, -5*x + 6*q - 4*q = -24251. What is the units digit of x?
9
Suppose 2*b - 8 = 4*r + 36, -5*b - 7 = 3*r. What is the tens digit of (-2337)/r - (16/6)/4?
5
Let t = 244 - 240. Suppose -2*g + t*l + 151 + 165 = 0, -5*g + 800 = -5*l. What is the units digit of g?
2
Let p = -63 + 131. Suppose 5*b + p - 358 = -2*w, 3*w = -3*b + 183. Suppose -159 = -a - b. What is the tens digit of a?
0
Let u(z) = -41*z + 480. What is the units digit of u(-28)?
8
Suppose 8*u = 671 + 8489. Let p = -489 + u. What is the units digit of p?
6
Suppose -11*s = -20823 - 170841. What is the ten thousands digit of s?
1
Let x(j) = -6*j - 1. Let y be x(-2). Suppose -y*b - 10 = -12*b. What is the tens digit of 2/(136/(-390) + 4/b)?
3
Let s be 147/(-12) + 2 + (-7)/4. Let x = s + 77. Suppose 3*v - x - 175 = 0. What is the tens digit of v?
8
Let z(k) be the second derivative of k**4/12 - 17*k**3/6 + 28*k**2 - 163*k. What is the units digit of z(13)?
4
Let d(n) be the second derivative of 5*n**3 + 10*n. Let u be d(10). Suppose w + 2*w - u = 0. What is the hundreds digit of w?
1
Suppose 4*l - 27 = -3. Suppose j = -3*m + 238, -l*m + m = -25. What is the hundreds digit of j - (0 - (-20)/(-5))?
2
Suppose -175572 = 2306*i - 2324*i. What is the tens digit of i?
5
What is the tens digit of (-1694)/((-2)/14 + 25*(-16)/1120)?
8
Let o(k) = -3260*k - 8810. What is the units digit of o(-18)?
0
Let l be -2 + 28/(-8)*-2. Suppose -14 = l*i - 9. What is the units digit of ((-15)/(-3) - -61) + i + 0?
5
Suppose -j = -0*j - 16. Let s(x) = 13*x - 129. What is the units digit of s(j)?
9
Let d = -44 + 42. Let l(b) = 34*b**2 + 9*b + 1. Let f(v) = -68*v**2 - 19*v - 2. Let o(r) = 6*f(r) + 13*l(r). What is the tens digit of o(d)?
3
Let i(u) be the third derivative of -23*u**4/24 - u**3/2 + 33*u**2. What is the hundreds digit of i(-10)?
2
Let w(o) = 493*o**2 + 2135*o + 9. What is the tens digit of w(-10)?
5
Let g(v) = -173*v**3 - 2*v**2 + 3*v + 7. Let k be g(-2). Let m = k + -810. What is the units digit of m?
7
Let x(v) = -v**3 - 3*v**2 - 2*v. Let c be x(-3). Suppose -5*j + 0*j = 3*f - 22, f = 5*j - c. Suppose -795 + 119 = -f*k. What is the units digit of k?
9
Let g be 1546/6 - 106/159. Let n = g + 15. What is the units digit of n?
2
Suppose 4*g - d = -8, -g - 14*d - 9 = -16*d. Let l(x) = 251*x**2 - x - 1. What is the units digit of l(g)?
1
Let r(i) = 13251*i**2 + 24*i - 4. What is the hundreds digit of r(-2)?
9
Let m be -8*(-5)/380 + 17742/38. Suppose -u + p = -246, -16*p = -2*u - 19*p + m. What is the units digit of u?
1
Let i(m) = 7*m**2 - 137*m + 214. What is the hundreds digit of i(42)?
8
Suppose -f + 5*l + 6832 = 0, 0 = 87*f - 88*f - 3*l + 6792. What is the thousands digit of f?
6
Let f be (1/3)/(4/36). Suppose 0 = 7*x - f*x - 176. Suppose o = 5*z + x, z = 2 + 2. What is the tens digit of o?
6
Let x(d) = -d**2 - 10*d - 10. Let a be x(-9). Let m be -3 + (2 - -7) + a. Suppose 2*w = m*t + 76, 3*w + 3*t - 100 = -w. What is the units digit of w?
8
Suppose 14466 = -2*z + 8*z. Let i = 5024 - z. Suppose 3*s = -10*s + i. What is the hundreds digit of s?
2
Let k(y) = y**3 + y**2 - 5*y - 2. Let r(f) = f**3 + f**2 - 5*f - 2. Let o(u) = -3*k(u) + 4*r(u). Let d be o(6). What is the units digit of (-45)/30*(d/3)/(-2)?
5
Let n(x) = 6802*x**2 - 302*x - 916. What is the tens digit of n(-3)?
0
What is the tens digit of (12/(-33) + (-102481288)/(-1716))*3/2?
8
Suppose -22*x - 4340 = -29*x. Suppose -x = -0*m - 2*m. What is the hundreds digit of m?
3
Let f be ((-1)/4*-134)/(4/(-216)). What is the units digit of 4/6*f/(-6) + -2?
9
Let k be 1*(-1 + (-3)/12*-4). Suppose 3*p = -3*z + 30, 5*p - 10 = -z - k*z. Suppose z*w = 4*w + 684. What is the hundreds digit of w?
1
What is the thousands digit of (-10 - (-10 - -262))*345/12*-2?
5
Suppose 2*g - 759 = -25*i + 22*i, -i + 2*g = -261. Let u = -34 + i. What is the tens digit of u?
2
Let f(j) = -3*j - 15. Let k be f(-5). Suppose k = -31*v + 27*v. Suppose -4*z = -3*z + 4*x - 21, 2*x + 8 = v. What is the tens digit of z?
3
Suppose 4*d = p + p - 8, -d = 0. Suppose -p*f = f - 420. Let z = f + -23. What is the units digit of z?
1
Let i(w) be the third derivative of w**5/60 + w**3 + 41*w**2. Let p be i(0). Suppose -f = f + j - 201, -p = 2*j. What is the hundreds digit of f?
1
Let l = 18752 + 15181. What is the ten thousands digit of l?
3
Let c(w) = w**2 + 146*w + 33037. What is the ten thousands digit of c(0)?
3
Let m(v) = -v - 3. Let z be 4/(-14) + ((-486)/7)/2. What is the tens digit of m(z)?
3
Let q = 11100 - 9610. What is the tens digit of q?
9
Suppose -3376623 = -66*a - 263535. What is the units digit of a?
8
Let o(w) = -4*w**2 - 14*w + 147. Let i(m) = 5*m**2 + 16*m - 146. Let n(t) = 5*i(t) + 6*o(t). Let d be 6/15 + 6/(-15). What is the tens digit of n(d)?
5
Let q(s) = 51*s**2 + 157*s - 15. What is the tens digit of q(10)?
5
Suppose -57*h = -78*h + 299313. What is the hundreds digit of h?
2
Let d be 32/208 - 1/((-26)/16480). Let t = d + -137. What is the hundreds digit of t?
4
Suppose -21 = -2*l - t, -5*t = 4*l - 12 - 21. Suppose 31*s - 9519 = l*s. What is the units digit of s?
1
Let x be (-2 - (-22)/8)*-4. What is the tens digit of (81/4)/(x/(-60))?
0
Let q(o) = o**3 + 25*o**2 - o - 23. Let n = -50 - -25. Let j be q(n). What is the hundreds digit of (-3790)/(-35) - j/(-14)*-2?
1
Let m(r) = -r**3 - 59*r**2 + 204*r + 112. What is the hundreds digit of m(-63)?
1
What is the thousands digit of (((-14)/21)/1)/(-2*2/53148)?
8
What is the units digit of (-4)/10 - ((-279)/(-15) - 16) - -9748?
5
Let d = 193 - 120. Suppose t = 5*t + 3*m - 25, 12 = 4*m. Let u = t + d. What is the tens digit of u?
7
Let u = 11769 - -55974. What is the tens digit of u?
4
Suppose 10 = -4*b + 2*t, 4*t = -t - 5. Let v be (